{"id":59,"date":"2025-02-03T12:19:47","date_gmt":"2025-02-03T12:19:47","guid":{"rendered":"https:\/\/monte-charge.space\/?page_id=59"},"modified":"2025-02-03T12:19:48","modified_gmt":"2025-02-03T12:19:48","slug":"nos-actions","status":"publish","type":"page","link":"https:\/\/monte-charge.space\/index.php\/nos-actions\/","title":{"rendered":"Nos Actions"},"content":{"rendered":"\n<p><strong>Nos Actions : De la Cr\u00e9ation \u00e0 l&#8217;Impact Social<\/strong><\/p>\n\n\n\n<p>Depuis sa cr\u00e9ation en 2002, <strong>LE MONTE CHARGE<\/strong> s\u2019est consacr\u00e9 \u00e0 des actions concr\u00e8tes et diversifi\u00e9es dans le domaine de l\u2019art vivant. Nos actions couvrent l\u2019ensemble du processus cr\u00e9atif, de l\u2019\u00e9laboration d\u2019\u0153uvres \u00e0 leur diffusion en passant par la formation d\u2019artistes et l\u2019accompagnement des jeunes talents. Chaque projet est une occasion d\u2019exp\u00e9rimenter de nouvelles approches, d\u2019atteindre des publics diversifi\u00e9s, et d\u2019impacter positivement la soci\u00e9t\u00e9 \u00e0 travers l\u2019art.<\/p>\n\n\n\n<h4 class=\"wp-block-heading\"><strong>Cr\u00e9ation Artistique<\/strong><\/h4>\n\n\n\n<p>Nos actions d\u00e9butent par la cr\u00e9ation de spectacles vivants. Ces projets vont de la conception \u00e0 la mise en sc\u00e8ne, en passant par la recherche artistique et la pr\u00e9paration technique. L\u2019objectif est toujours d\u2019innover et de surprendre le public avec des \u0153uvres qui m\u00e9langent diff\u00e9rents m\u00e9diums et utilisent les derni\u00e8res avanc\u00e9es technologiques.<\/p>\n\n\n\n<p>Les artistes impliqu\u00e9s dans nos actions sont invit\u00e9s \u00e0 exp\u00e9rimenter sans limite, ce qui permet une grande libert\u00e9 de cr\u00e9ation. Nous nous appuyons sur une d\u00e9marche collective, impliquant des danseurs, com\u00e9diens, musiciens, vid\u00e9astes, et techniciens. Gr\u00e2ce \u00e0 cette approche, nos projets sont non seulement artistiquement riches, mais aussi porteurs de messages importants sur des enjeux soci\u00e9taux, environnementaux et culturels.<\/p>\n\n\n\n<h4 class=\"wp-block-heading\"><strong>Ateliers et Formation<\/strong><\/h4>\n\n\n\n<p>Nous pensons que l\u2019\u00e9ducation artistique est essentielle pour le d\u00e9veloppement de l\u2019individu et de la soci\u00e9t\u00e9. Nos actions incluent des ateliers pour les jeunes, les adultes, et les artistes en formation. Ces ateliers sont con\u00e7us pour permettre \u00e0 chacun de d\u00e9couvrir et de se perfectionner dans des domaines vari\u00e9s, allant de la danse \u00e0 la vid\u00e9o en passant par les nouvelles technologies.<\/p>\n\n\n\n<p>Ces formations sont \u00e9galement un moyen de promouvoir l\u2019inclusion sociale. Elles sont accessibles \u00e0 tous, sans distinction, et sont un excellent moyen de favoriser la rencontre entre des personnes de diff\u00e9rentes origines et de divers horizons sociaux.<\/p>\n\n\n\n<h4 class=\"wp-block-heading\"><strong>Diffusion Culturelle<\/strong><\/h4>\n\n\n\n<p>Un autre volet de nos actions est la diffusion culturelle. Nous organisons r\u00e9guli\u00e8rement des \u00e9v\u00e9nements dans toute la France, mais aussi \u00e0 l&#8217;international. Nos spectacles sont pr\u00e9sent\u00e9s dans des festivals, des th\u00e9\u00e2tres, des espaces publics, et lors de r\u00e9sidences artistiques. En plus des spectacles traditionnels, nous offrons une exp\u00e9rience multim\u00e9dia enrichie, qui permet de toucher un public plus large, y compris ceux qui n&#8217;ont pas l&#8217;habitude de fr\u00e9quenter des th\u00e9\u00e2tres.<\/p>\n\n\n\n<h4 class=\"wp-block-heading\"><strong>Impact Social et Communautaire<\/strong><\/h4>\n\n\n\n<p>Chaque action de <strong>LE MONTE CHARGE<\/strong> vise \u00e9galement \u00e0 avoir un <strong>impact social<\/strong>. L&#8217;art vivant est un moyen puissant de favoriser le dialogue, d\u2019aborder des questions soci\u00e9tales cruciales, et de sensibiliser le public \u00e0 des probl\u00e9matiques contemporaines. Nous croyons fermement que l&#8217;art doit jouer un r\u00f4le dans la transformation de la soci\u00e9t\u00e9, qu&#8217;il s&#8217;agisse de la lutte contre les discriminations, de la promotion de la diversit\u00e9 ou de la prise en compte de la crise environnementale.<\/p>\n\n\n\n<p>Nos actions visent aussi \u00e0 tisser des liens avec la communaut\u00e9 locale. En cr\u00e9ant des spectacles accessibles \u00e0 tous, en organisant des ateliers pour les jeunes, et en mettant en place des projets participatifs, nous permettons \u00e0 chacun de s\u2019impliquer dans le processus cr\u00e9atif et de b\u00e9n\u00e9ficier d\u2019une exp\u00e9rience enrichissante.<\/p>\n\n\n\n<hr class=\"wp-block-separator has-alpha-channel-opacity\"\/>\n","protected":false},"excerpt":{"rendered":"<p>Nos Actions : De la Cr\u00e9ation \u00e0 l&#8217;Impact Social Depuis sa cr\u00e9ation en 2002, LE MONTE CHARGE s\u2019est consacr\u00e9 \u00e0 des actions concr\u00e8tes et diversifi\u00e9es dans le domaine de l\u2019art vivant. Nos actions couvrent l\u2019ensemble du processus cr\u00e9atif, de l\u2019\u00e9laboration d\u2019\u0153uvres \u00e0 leur diffusion en passant par la formation d\u2019artistes et l\u2019accompagnement des jeunes talents. [&hellip;]<\/p>\n","protected":false},"author":1,"featured_media":0,"parent":0,"menu_order":0,"comment_status":"closed","ping_status":"closed","template":"","meta":{"saved_in_kubio":false,"footnotes":""},"class_list":["post-59","page","type-page","status-publish","hentry"],"kubio_ai_page_context":{"short_desc":"","purpose":"general"},"_links":{"self":[{"href":"https:\/\/monte-charge.space\/index.php\/wp-json\/wp\/v2\/pages\/59","targetHints":{"allow":["GET"]}}],"collection":[{"href":"https:\/\/monte-charge.space\/index.php\/wp-json\/wp\/v2\/pages"}],"about":[{"href":"https:\/\/monte-charge.space\/index.php\/wp-json\/wp\/v2\/types\/page"}],"author":[{"embeddable":true,"href":"https:\/\/monte-charge.space\/index.php\/wp-json\/wp\/v2\/users\/1"}],"replies":[{"embeddable":true,"href":"https:\/\/monte-charge.space\/index.php\/wp-json\/wp\/v2\/comments?post=59"}],"version-history":[{"count":1,"href":"https:\/\/monte-charge.space\/index.php\/wp-json\/wp\/v2\/pages\/59\/revisions"}],"predecessor-version":[{"id":67,"href":"https:\/\/monte-charge.space\/index.php\/wp-json\/wp\/v2\/pages\/59\/revisions\/67"}],"wp:attachment":[{"href":"https:\/\/monte-charge.space\/index.php\/wp-json\/wp\/v2\/media?parent=59"}],"curies":[{"name":"wp","href":"https:\/\/api.w.org\/{rel}","templated":true}]}}